 remainder when 2/7*(359 - 303) is divided by m.
2
Let f(w) = -w**3 - 49*w**2 - 4*w - 12. Calculate the remainder when f(-49) is divided by 11.
8
Suppose 4*q = 11*q - 210. Calculate the remainder when 86 is divided by 2/6 + 1160/q.
8
Let k(z) = z**2 - 29*z + 121. Let i be k(34). Let v = 563 - i. What is the remainder when v is divided by 55?
52
Suppose 4*y + m - 708 = -0*y, 0 = -y + 3*m + 164. What is the remainder when 628 is divided by y?
100
Let m(c) = c**3 + c**2 - 34*c - 58. Let z be 69*((-3)/9 - -1). Suppose 5*g - z = 3*u + u, -5*g + 3*u + 47 = 0. What is the remainder when m(-5) is divided by g?
2
Suppose -17*y + 5321 = 93*y + 203*y. What is the remainder when 256 is divided by y?
1
Let c(q) = -q**3 - 2*q**2 + 3*q + 5. Calculate the remainder when c(-5) is divided by 54/(-42) - (-7584)/672.
5
What is the remainder when 620 is divided by (-339)/2712 + (-417)/(-8)?
48
Suppose 0*c = -4*c + 912. Suppose -6*m + 278 = -10. Suppose 0 = -2*q + 2*z + 76, q - 3*z + 0*z = m. Calculate the remainder when c is divided by q.
30
Suppose 96*v - 701 = 278 + 653. Let l(g) = g**2 - 10*g - 1. Let s be l(10). Calculate the remainder when 3/((s/11)/(-1)) is divided by v.
16
What is the remainder when 501 is divided by 10 + -18 + 26 + 0/3?
15
Suppose 395*p + 1451536 = 318*p + 1105*p. What is the remainder when 5650 is divided by p?
2
Suppose -g + p - 138 = 5*p, 5*g - 4*p = -618. Let q = 130 + g. Calculate the remainder when 25 is divided by q.
1
Let k(b) = b**3 + b**2 + 3*b + 19. Suppose 9*v = 29 + 7. Calculate the remainder when k(v) is divided by 2/6*(-6 + 63).
16
Let r(z) = z**3 - 6*z**2 - 4*z - 3. Calculate the remainder when r(8) is divided by (7/3 - (-6)/(-3))*102.
25
Let z(r) = -r**3 + 4*r**2 - 5*r + 7. Let a be z(2). Calculate the remainder when (-7854)/(-68) - 2*a/(-4) is divided by 38.
4
Suppose 17*a - 18*a = 4*w - 184, 5*a - 20 = 0. What is the remainder when 14174 is divided by w?
44
Let z be ((-19)/(-3))/(13/(-117)). Let l = z - -87. Let q(r) = 4*r - 17. Calculate the remainder when l is divided by q(7).
8
Suppose -5*s + 13 + 7 = 0. Let i be 2 - 0*s/(-16). What is the remainder when (i/(-4))/(15/(-6) + 2) is divided by 1?
0
Suppose 0 = -4*c + 4 + 20. Suppose 25 = 2*v - i, c*v - v - 2*i - 64 = 0. What is the remainder when 52 is divided by v?
10
Suppose 0 = -11*p + 3397 - 471. What is the remainder when p is divided by 15?
11
Suppose 0 = 65*x + 838 - 3974 - 1739. What is the remainder when 873 is divided by x?
48
Let z(f) = f**2 - 20*f + 36. Let s be z(18). Suppose 4*p = -l + 2*l + 66, 2*p + 4*l - 42 = s. What is the remainder when 883 is divided by p?
16
Let f = 8707 + -8658. What is the remainder when 1222 is divided by f?
46
Suppose 3*x = -5*b + 9, 16*b - 21*b - 69 = -3*x. Calculate the remainder when 7773 is divided by x.
12
What is the remainder when (3 - 125)*2/6*(15 + -18) is divided by 114?
8
Let h = 691 - -266. Calculate the remainder when h is divided by 80.
77
Suppose -g + 2*u + 3*u + 39 = 0, -g - 3*u + 63 = 0. Suppose 0 = d - 2*j - 11, 0 = -2*d - 2*j - 14 + g. What is the remainder when 113 is divided by d?
11
Let h(g) = -g**3 + 22*g**2 - 111*g + 623. Calculate the remainder when h(14) is divided by 19.
10
Suppose 0 = -4*z - 2*q + 196, 1230*z - 620 = 1218*z + 2*q. Calculate the remainder when z is divided by 14/(-2)*3*-1.
9
Let c = -1129 + 1170. Calculate the remainder when c is divided by 37.
4
Suppose 8 = z + 2*s, -5*z + 2*s = -0*s - 100. Let o = z - -64. Let n = -71 + o. Calculate the remainder when 20 is divided by n.
9
Suppose -b = -i - 217, 206*b - 211*b + 1022 = 4*i. Calculate the remainder when 440 is divided by b.
20
Suppose 42*f - 39*f = 264. Suppose -f - 22 = -5*s. What is the remainder when s is divided by 21?
1
What is the remainder when 266 is divided by (-10)/(-3)*11712/610?
10
Let w(h) = -3*h**3 - h**2 - h + 13. Let o(j) = j**3 + j**2 + j - 1. Let q(c) = -4*o(c) - w(c). What is the remainder when 222 is divided by q(-5)?
54
Suppose 4357 = 22*g - 4192 - 889. What is the remainder when 461 is divided by g?
32
Suppose 104 = -2*b - 4*z - 242, -3*b + 5*z - 475 = 0. Let j = 13 - b. What is the remainder when j is divided by 39?
22
Suppose 4*w + 9*i = 4*i - 83, -i = w + 20. Let b = -13 - w. Calculate the remainder when 21*20/(-4)*34/(-255) is divided by b.
2
Suppose s = -4*o + 106, -2*s = -6*s + 3*o + 405. Calculate the remainder when 15/45*s/2 is divided by -1*(11 - 0)*-1.
6
Let b(c) = 10*c - 684. Let t(d) = -5*d + 341. Let h(z) = 2*b(z) + 5*t(z). Calculate the remainder when h(51) is divided by 28.
26
Suppose 0 = -4*o + 4*v - 6*v + 176, 5*o = -2*v + 220. Let q = 68 + -32. Calculate the remainder when o is divided by q.
8
Let j(h) = -15609 + 13*h + 31079 - 15528. Let v(i) = i**2 + 2. Let n be v(2). What is the remainder when j(n) is divided by 14?
6
Let d(w) = -689*w + 2306. Calculate the remainder when 1023 is divided by d(3).
67
Suppose -5*j - 3530 = -3*f, 5*f + 474*j = 469*j + 5870. Calculate the remainder when f is divided by 24.
23
Let z = -15625 - -15642. Calculate the remainder when 2604 is divided by z.
3
Let a(n) = -8*n + 2. Let q(i) = 5*i**2 - 7*i + 4. Let c = -157 + 160. What is the remainder when a(-6) is divided by q(c)?
22
Let a be ((-138)/92)/((-3)/(-92)). Let p = a + 81. Calculate the remainder when 120 is divided by p.
15
Calculate the remainder when ((-7362)/30)/(12/(-15)) + 50/40 is divided by 134.
40
Suppose 909 + 1416 = 2*u + 5*l, -3*u = -3*l - 3540. Calculate the remainder when u is divided by 11.
9
Suppose -5*b = 5*g - 1440, 30*g + 5*b = 28*g + 570. Calculate the remainder when g is divided by 94.
8
Calculate the remainder when (18/(-90))/(6*(-4)/19640)*3 is divided by 18.
5
Suppose -231*f + 74 + 28 = -197*f. Calculate the remainder when 1286 is divided by f.
2
Suppose -27*k = -23*k - 20. Suppose -k*b - 12 = z, 5*z = -0*z - 5*b + 40. What is the remainder when 5 is divided by 10/65 + (-15)/z + 3?
1
Suppose 16*o + 39 - 1553 = 422. Calculate the remainder when o is divided by 121.
0
Let l = -248 - -132. Let u = 6 + l. Let p = -83 - u. What is the remainder when 70 is divided by p?
16
Let h be (-4)/14 - 1490/(-70). Suppose -8*t = -h*t + 52. Suppose 0 = -t*o + 5*o + 2*i - 44, 4*o + 4*i - 156 = 0. What is the remainder when 65 is divided by o?
31
Suppose -5*y = -3*g - 48, 385*y - 383*y - 75 = -5*g. Let s = 127 - 39. What is the remainder when s is divided by y?
13
Let d = 36 - -30. Let w(o) = 130*o**2 - 23*o - 23. Calculate the remainder when w(-1) is divided by d.
64
Suppose 26*j - 718 = -94. Calculate the remainder when 105 is divided by j.
9
Let l be (-22)/(-66) - 1/(3/(-1001)). Suppose -6*a + 134 = -l. What is the remainder when a is divided by -40*(-3)/((-18)/(-3))?
18
Suppose -195*s + 7285 = -88*s - 76*s. Calculate the remainder when s is divided by 208.
27
Let h = 5 - 1. Let t = 38 + -66. What is the remainder when t/35 + 3 + (-54)/(-5) is divided by h?
1
Suppose p - 2*k - 19 = k, k = -2*p + 73. Let u = -10 + p. Suppose 3 + u = w. Calculate the remainder when w is divided by 14.
13
Calculate the remainder when (-83919)/(-363) + (-2)/11 is divided by 219.
12
Let k = 5 + -2. Suppose 0*a + 4*r = k*a - 90, -3*r = 3*a - 90. Let p = 1872 - 1753. What is the remainder when p is divided by a?
29
Let b be (-874)/(-23) + 2 + 4*-1. Suppose 33*a = b*a - 48. Let o(w) = 12*w**2 + 3*w + 4. What is the remainder when o(-2) is divided by a?
14
Let n(d) = -4*d**3 + 14*d**2 + 30*d + 13. Calculate the remainder when 82 is divided by n(-2).
0
Let r be 2/10*-4*(-300)/(-8). Calculate the remainder when 99 is divided by (8/(-6))/(r/1125).
49
Let z = -3273 - -3277. Calculate the remainder when 400 is divided by z.
0
Let m = -1998 + 2020. Calculate the remainder when 347 is divided by m.
17
Suppose -k = -3*n + 14 + 24, 2*n - 2*k = 24. Calculate the remainder when 1451 is divided by n.
8
Calculate the remainder when (26290/33)/(35/63) is divided by 58.
42
Suppose -5*m + 2034 = -70886. What is the remainder when m is divided by 13?
11
Let a(j) = -6*j + 15. Suppose -3*m + 13 + 8 = -3*k, -3*k - m = 1. Let c(p) = p**3 - p**2 - p + 2. What is the remainder when a(k) is divided by c(0)?
1
Let u(a) be the second derivative of -a**5/20 - 2*a**4/3 + a**2/2 + 32*a. Let v be u(-8). Calculate the remainder when 56 - (7 - 2 - v) is div